divisor of 36742837 and 749?
107
What is the greatest common factor of 4102360 and 6080?
40
Calculate the greatest common factor of 961436510 and 655.
655
What is the highest common factor of 46449681 and 10731?
219
Calculate the greatest common factor of 286 and 5733286.
26
What is the highest common divisor of 290120832 and 3048?
3048
Calculate the highest common factor of 518 and 27690985.
259
What is the highest common factor of 57773344 and 2440?
488
Calculate the highest common factor of 250 and 43631650.
50
Calculate the greatest common divisor of 159 and 14102349.
3
Calculate the greatest common divisor of 2284932 and 128.
4
What is the greatest common divisor of 500716 and 1996232?
3316
Calculate the greatest common factor of 501840 and 92260.
20
What is the highest common divisor of 24844323 and 147?
147
What is the greatest common divisor of 223534444 and 1974?
658
What is the highest common divisor of 41260 and 4180?
20
What is the greatest common divisor of 64515 and 24439965?
2805
Calculate the greatest common divisor of 1455803 and 52007.
131
Calculate the highest common factor of 1228513 and 104299.
923
Calculate the highest common divisor of 7215 and 784804410.
7215
What is the greatest common divisor of 33442 and 576794?
46
What is the greatest common divisor of 28782230 and 7345?
565
Calculate the greatest common factor of 4487658 and 4071.
177
What is the highest common divisor of 528 and 2013024?
48
What is the greatest common factor of 2642301 and 1620?
81
What is the greatest common factor of 66088 and 2020190?
1502
What is the greatest common divisor of 81664 and 11792?
176
Calculate the greatest common factor of 699 and 13083416.
233
Calculate the highest common factor of 3841917 and 13359.
219
Calculate the greatest common divisor of 1860548 and 12308.
68
What is the greatest common divisor of 4904374 and 1288990?
3106
What is the greatest common factor of 40313016 and 56?
8
What is the greatest common factor of 10770 and 137040?
30
What is the greatest common factor of 27 and 820257?
3
Calculate the greatest common factor of 1515322 and 198.
2
Calculate the greatest common factor of 1024 and 3912752.
16
Calculate the highest common factor of 14028352 and 3068.
52
Calculate the highest common factor of 859017 and 15.
3
What is the greatest common factor of 18271 and 20857177?
1661
What is the highest common divisor of 205536 and 105305085?
6423
Calculate the greatest common factor of 2828 and 7465617.
101
Calculate the greatest common divisor of 33264 and 813708.
252
Calculate the highest common factor of 294 and 168897.
3
What is the greatest common divisor of 2457 and 6293742?
273
Calculate the highest common factor of 4583104 and 2432.
1216
Calculate the greatest common factor of 10030676 and 196.
4
What is the highest common factor of 78650412 and 12?
12
What is the greatest common divisor of 16812984 and 60?
12
What is the highest common divisor of 2090185 and 1770315?
5515
What is the greatest common factor of 299212784 and 64036?
9148
Calculate the greatest common factor of 251641 and 232973.
13
What is the greatest common factor of 7367421 and 6612?
1653
Calculate the greatest common factor of 1392 and 25402434.
174
What is the highest common factor of 4 and 163160188?
4
Calculate the highest common divisor of 17520713 and 70.
7
What is the highest common factor of 19262530 and 7?
7
Calculate the highest common factor of 224 and 70538912.
32
Calculate the greatest common factor of 4208142 and 6.
6
What is the highest common divisor of 37018 and 933032?
446
Calculate the greatest common factor of 433 and 155042.
1
What is the greatest common factor of 8568 and 92256552?
1224
What is the greatest common factor of 229245328 and 2008?
2008
Calculate the greatest common divisor of 4 and 2483500.
4
What is the greatest common divisor of 5484 and 56388?
12
What is the highest common factor of 41930035 and 210945?
1715
What is the greatest common divisor of 52611 and 18328863?
4047
What is the greatest common divisor of 16216 and 2045248?
8
What is the highest common divisor of 2640 and 225753?
33
Calculate the greatest common factor of 6126344 and 74648.
1736
What is the highest common divisor of 1145 and 73900?
5
What is the highest common factor of 15876 and 98063?
7
Calculate the highest common factor of 3099 and 49345377.
3099
Calculate the greatest common factor of 25682270 and 100.
10
What is the greatest common divisor of 294425 and 8450?
25
What is the highest common factor of 7498 and 21551?
23
Calculate the highest common factor of 21200 and 15521368.
424
What is the highest common divisor of 2912543 and 32054?
1457
Calculate the greatest common divisor of 25072550 and 150.
50
What is the greatest common divisor of 17574260 and 11430?
1270
Calculate the highest common divisor of 133221 and 47553.
363
Calculate the highest common divisor of 75712 and 1326312.
1352
What is the highest common factor of 434 and 38546578?
434
Calculate the greatest common factor of 935356270 and 2621.
2621
What is the highest common factor of 15022 and 178930?
58
Calculate the highest common divisor of 18228 and 358239.
147
Calculate the greatest common divisor of 1875619488 and 12.
12
What is the greatest common factor of 6173261 and 5185?
1037
What is the greatest common factor of 890 and 6655910?
10
Calculate the highest common factor of 6175807 and 16984.
2123
Calculate the highest common factor of 6985251 and 702.
351
What is the highest common divisor of 6255792 and 293544?
1944
What is the highest common divisor of 11713114 and 17458?
602
Calculate the highest common divisor of 252 and 10405612.
28
What is the highest common divisor of 3925015 and 65?
5
What is the highest common factor of 77 and 483274?
11
Calculate the greatest common divisor of 322199 and 42926.
127
Calculate the highest common divisor of 383068 and 24136.
28
What is the greatest common factor of 896 and 131656?
56
What is the greatest common divisor of 12 and 32536356?
12
What is the greatest common divisor of 75005 and 81585?
35
Calculate the greatest common divisor of 133 and 9287713.
19
Calculate the highest common factor of 235887856 and 2784.
464
What is the greatest common factor of 21344 and 2456416?
928
What is the highest common divisor of 345 and 17981745?
345
What is the greatest common factor of 16 and 62892976?
16
Calculate the highest common factor of 7238 and 51767210.
1034
What is the greatest common divisor of 18668932 and 424?
212
What is the greatest common divisor of 785052 and 816?
12
What is the greatest common divisor of 370323 and 18009?
207
What is the highest common factor of 5237792 and 16352?
224
Calculate the greatest common divisor of 275 and 401730175.
275
What is the highest common divisor of 12527132 and 5992?
428
What is the greatest common divisor of 20137641 and 5559?
327
What is the greatest common divisor of 6977973 and 600423?
3111
What is the greatest common factor of 81712426 and 152?
38
Calculate the greatest common factor of 22654 and 5031839.
241
What is the highest common factor of 3 and 565966950?
3
What is the greatest common factor of 17765 and 1198670?
935
Calculate the highest common factor of 653040 and 990.
90
Calculate the greatest common divisor of 27387766 and 16261.
707
What is the greatest common factor of 39452595 and 2418?
39
What is the highest common divisor of 2538 and 3990978?
54
Calculate the greatest common divisor of 1249690 and 520.
130
What is the greatest common divisor of 423620 and 23600?
1180
What is the greatest common factor of 1016 and 1815283898?
254
What is the greatest common divisor of 109428 and 3848460?
132
What is the highest common factor of 11637398 and 33959?
1171
Calculate the greatest common factor of 57168 and 307728.
144
Calculate the greatest common divisor of 7289438 and 90350.
3614
What is the greatest common divisor of 28141 and 366096?
263
Calculate the highest common divisor of 4544 and 49126746.
142
What is the highest common factor of 53276 and 90060?
76
Calculate the greatest common factor of 74336 and 200192.
736
Calculate the highest common divisor of 69366600 and 8544.
2136
What is the highest common divisor of 50826 and 64242?
258
Calculate the h